+ 10. Suppose 4*s - 2*s - 5*v - 64 = 0, 0 = -a*s + 5*v + 96. Let n(t) = -t**2 + 11*t + 11. Calculate the remainder when s is divided by n(11).
10
Let o = 423 - 218. What is the remainder when o is divided by (18 + 13 + -22)/((-2)/(-6))?
16
Let p(i) = 8*i + 55. Let l be p(23). Suppose -10*k + l + 181 = 0. Calculate the remainder when 121 is divided by k.
37
Suppose 0*r = 2*r + 398. Let h = r - -309. What is the remainder when (-3 + 5)/(4/h) is divided by 19?
17
Let z(s) = s**3 + 2*s**2 + 4*s + 4. Calculate the remainder when ((-179)/(-3))/(7/21) is divided by z(3).
57
Let z be (4 - 1) + -1 + 0. Suppose 0 = z*m - 382 - 20. Let f = 8120 - 8086. What is the remainder when m is divided by f?
31
Suppose 0 = -4*c + 4*o + 16, o + 28 = 3*c + 2*o. Let j = c + 1. What is the remainder when j is divided by (-2)/5*10/(-1)?
1
Let g be (-88)/(-55)*(-70)/(-7). Let b be 2 + ((-1164)/2)/(-3). Suppose -g*t = -9*t - b. Calculate the remainder when t is divided by 6.
4
Let r = -311 + 321. Let n(x) = 3*x**2 - 11*x + 2. What is the remainder when n(8) is divided by r?
6
Let a = 16 - 7. Suppose 10*n - 11*n + 3*d + 164 = 0, -2*d - 159 = -n. Suppose -a*g + 274 + n = 0. Calculate the remainder when g is divided by 24.
23
What is the remainder when 1966 is divided by (-8)/(-2)*(96/(-384))/((-2)/488)?
14
Suppose p - 100 = 11*p. Let x(m) = m**2 + 7*m + 21. Let u be x(p). Suppose -u = -4*g + 3*g. Calculate the remainder when g is divided by 26.
25
Calculate the remainder when (-20244)/(-70) + (-42)/35 is divided by 21.
15
Suppose 3*a - 5*k = -1058, 5*a - 2*k - 1030 = 8*a. Let z = -317 - a. Calculate the remainder when z is divided by 20.
9
Suppose -74*k - 5*s = -77*k + 554, 3*k + 2*s - 568 = 0. What is the remainder when 2629 is divided by k?
185
Let v = -994 - -738. What is the remainder when 395 is divided by 235/7 + v/448?
32
Calculate the remainder when 9 - (1138/(-14) + 16/56) is divided by 24.
18
Suppose 2*y - 154 + 48 = 0. Suppose -5*l + l + 24 = 2*a, 5 = 5*l. Suppose -i - 1 + a = 0. Calculate the remainder when y is divided by i.
8
Suppose -4*p + 8 = 4*l, 8*p - 3*p - 2*l = 38. Calculate the remainder when (-516)/10*(-40)/p is divided by 58.
54
Let n be (-1 - -2)*(15 - 15). Suppose 42*d - 45*d = n. Suppose -3*j - 2*x + 73 = d, x - 4*x = -2*j + 40. What is the remainder when j is divided by 6?
5
Let o = -7870 - -7929. What is the remainder when o is divided by 37?
22
Suppose -4*z + 5*z = -1, -3*z = -5*m + 23. Let n be -2 - ((-6)/3 + m). Calculate the remainder when (-401)/(-13) - n/26 is divided by 8.
7
What is the remainder when (-3)/((-6)/(-10)) + 483 + -47 is divided by 28?
11
Suppose 4658 = -42*t + 306*t + 1754. What is the remainder when 161 is divided by t?
7
Let n(p) = 1007*p - 3526. Calculate the remainder when n(4) is divided by 65.
47
Let f = -95 - -89. Let w(h) = h**3 + 7*h**2 - 7*h - 6. What is the remainder when 125 + ((-11)/33)/((-2)/f) is divided by w(-7)?
38
Let i = -105 + 191. Suppose 4 - 5 = -u. Calculate the remainder when i is divided by u/(-2 + 1)*-30.
26
Let y(i) be the third derivative of i**5/20 + 5*i**4/24 + 2*i**3/3 - i**2. Calculate the remainder when 1 + (-4)/((-12)/(-15)*70/(-854)) is divided by y(-3).
14
Suppose -785 = -42*y + 181. Calculate the remainder when 122 is divided by y.
7
Let g(l) = -105*l - 156. Let c be g(-1). Let o be (-1)/(-2) + (-285)/(-2). Let i = c + o. Calculate the remainder when i is divided by 24.
20
Suppose 0 = -o + 2*g + 37, -1352*g = 5*o - 1350*g - 137. What is the remainder when o is divided by 26?
3
Let s be ((-10)/75*5)/((-2)/(-381)). Let l = s + 172. What is the remainder when 126 is divided by l?
36
Suppose 0 = -0*y - 2*y. Suppose 3*i - 79 = 2*n, 3*i = 4*n - 13 + 84. Calculate the remainder when (-7)/((-21)/342) - y/3 is divided by i.
27
Let l = 42 - 32. Suppose -l*j = -j - 27. Suppose -j*m = -19*m + 224. Calculate the remainder when 39 is divided by m.
11
Let q = -151 - -152. Calculate the remainder when 101 is divided by q/(9 - 4 - 234/48).
5
Let q(n) = 8*n**3 - 3*n**2 - 5*n. Let v(u) = u**3 + 6*u**2 + 9*u + 7. Let l be v(-4). What is the remainder when q(l) is divided by 19?
3
Let j be 0 + 2 + -4 + 2. Let y(d) = 26 - 14*d + 28 - 9*d + 25*d - 7*d. Calculate the remainder when y(j) is divided by 11.
10
Suppose 0 = -3*w - 3. Calculate the remainder when 191 is divided by 30/w*(2 + 18/(-5)).
47
Let s = 9 - 4. Suppose -9*l + 62 = -802. What is the remainder when (-114)/(-4)*l/144 is divided by s?
4
Suppose 322*m = 296*m + 18746. Calculate the remainder when m is divided by 56.
49
Suppose -124 = -c + 5*l, 13*c - 2*l = 2015 - 466. What is the remainder when 698 is divided by c?
103
Let h(v) = -11*v**3 - 3*v**2 - 18*v - 15. Let d = -1 - -5. Suppose -263 + 55 = -d*l. Calculate the remainder when l is divided by h(-1).
8
Let m(r) = -r**2 + 20. Suppose -5*k = 2*s + 4, -3*s + 7 = -2*k + 3*k. Calculate the remainder when 7/21 + 110/s is divided by m(0).
17
Suppose 2*b + 1 - 5 = c, -5*c - 2*b + 16 = 0. Suppose o = c*o - 6. What is the remainder when 11 is divided by 2*1/o - 40/(-6)?
4
What is the remainder when 7719/83 - (18/(-63))/((-1)/7) is divided by 3?
1
Suppose -43*v = 48*v - 84*v - 154. What is the remainder when v is divided by 11?
0
Let i(b) = 2*b**2 - b - 1. Let s(z) = -11*z**2 + 11*z + 1. Let x(n) = 6*i(n) + s(n). What is the remainder when 112 is divided by x(3)?
17
Suppose -4*d - 2*q + 94 = -4, -130 = -5*d - q. Let u(i) = -9*i - 63. What is the remainder when d is divided by u(-8)?
0
Suppose 2*j - 29*u = -32*u + 75, -105 = -2*j + 3*u. Let r(a) = -a**2 + 23. Let n be (1*(1 + -1))/(-2). Calculate the remainder when j is divided by r(n).
22
Suppose 0*u = u + 5*y, -3*y - 8 = -u. What is the remainder when 1*(5/4 - 7/(28/(-499))) is divided by u?
1
Let h(w) = -6*w + 55. Let o(p) = -p**3 + 17*p**2 + 20*p - 29. Let c be o(18). What is the remainder when 128 is divided by h(c)?
11
Suppose -48*n + 43*n = -5. Calculate the remainder when 99 is divided by (122/14 - n)/(16/112).
45
Let l = -34 + 676. What is the remainder when l is divided by 43?
40
What is the remainder when (-3)/(2*(-9)/12)*(4 + 825) is divided by 16?
10
Let z = 26920 + -26918. What is the remainder when 70 is divided by z?
0
Let b(y) = 100*y + 508. Let m = -53 - 40. Let c = m - -163. Calculate the remainder when c is divided by b(-5).
6
Suppose 3*a = 2*z - 172, -6*a + a + 505 = 5*z. Let g be (-4 - -5) + (-18)/(-2). Let q = 24 - g. What is the remainder when z is divided by q?
11
Let p be -2 - (32/(-4) - (-17 - -18)). Let m = 4 + 31. What is the remainder when p/m - (0 + 378/(-10)) is divided by 13?
12
Suppose -4*i - 72 = -5*c, -3*c - 3*i = -5*c + 33. Suppose -6*r - 5*b = -2*r - 33, 0 = -2*r - 5*b + 19. What is the remainder when c is divided by r?
5
Let x = -24 + 29. Suppose 5*p = v + 4 - 3, -x*p = 2*v - 73. Let h = v - 9. What is the remainder when 72 is divided by h?
12
Suppose 10725 = 7*g + p, -10*p + 7*p = g - 1535. What is the remainder when g is divided by 48?
44
Let z(o) = 5*o**2 + 2*o + 2. Let a = 813 - 808. Calculate the remainder when z(-3) is divided by a.
1
Let v = 23 - -17. Suppose v = -9*t + 11*t. Let g(q) = -8*q + 23. Calculate the remainder when g(-2) is divided by t.
19
Let n(s) = s**3 - 39*s**2 + 229*s - 4. What is the remainder when 188 is divided by n(7)?
2
Let d(q) = q**3 + 38*q**2 - 128*q - 32. What is the remainder when 356 is divided by d(-41)?
10
Let o = 12 - -68. Let s be 26/8 - 100/o. Calculate the remainder when (-6)/(1 + s)*175/(-2) is divided by 22.
21
Let b(z) = 43*z - 181. Calculate the remainder when 81 is divided by b(5).
13
Let n = -7410 + 7508. Calculate the remainder when n is divided by 31.
5
Suppose 0 = -3*h - 2*b + 6*b + 35, 0 = -4*h - 5*b + 88. Calculate the remainder when (-3 - (-177)/15)*(-710 - -715) is divided by h.
10
Suppose 5 - 255 = -5*j. Let i be 2 + 126 + (1 - -2). Let d = i + -114. Calculate the remainder when j is divided by d.
16
Suppose -5*p + 4*x - 11 = 0, 3*p + 3*x = 15 - 0. Calculate the remainder when 24 - (5 - (-4)/(-1))*p is divided by 9.
5
Suppose -4*z + 46 = 19*z. Calculate the remainder when 2 + (-256)/(-18) + z/(-9) is divided by 3.
1
Calculate the remainder when (-4 + (5 - -3683))/4 is divided by 36.
21
Let l(q) = -2*q**3 - 10*q**2 + 8. Let i be l(-6). Let s = 139 - i. Suppose -3